e d(r).
-5
Let f(i) = 6*i**2 + 6*i - 5. Let y(m) = 7*m**2 + 7*m - 4. Let s(x) = -6*f(x) + 5*y(x). Give s(0).
10
Let h(w) = -w + 3. Suppose 74 = 5*m + 2*i, -2*i = -m + 1 + 21. Let r be -2 + 1 - (-5)/1. Suppose -4*d + r - m = -2*c, 2*d = 2*c - 10. Give h(c).
-1
Let j(x) = -x + 2. Suppose b - m + 4*m + 3 = 0, 3*b - 2*m = 13. Let y = b - 0. Suppose -2*g + g + y = 0. What is j(g)?
-1
Let a(f) = f**3 + 5*f**2 + 2*f + 2. Let o = 66 + -39. Suppose -4*z - x - 23 = 0, -z = 2*z + 4*x + o. What is a(z)?
-8
Let v(h) = -h**2 - 8*h - 1. Suppose d + 4 + 2 = 0. Give v(d).
11
Let x(v) be the second derivative of 1/3*v**3 - 1/12*v**4 + 1/2*v**2 + 0 - 5*v. Calculate x(4).
-7
Let w(r) = r**2 - 3*r + 1. Let b(l) = 2*l**3 + 6*l**2 + l + 5. Let m(u) = 5*u**3 + 13*u**2 + 3*u + 11. Let s(n) = 7*b(n) - 3*m(n). Let o be s(2). Give w(o).
-1
Let a(p) = p**2 + 3 - 11*p + 18*p - 9*p. Let k be (-23)/(-7) - 8/28. Give a(k).
6
Let y(d) = 2*d**2 + 2*d - 2. Let l be (-2)/(-3)*(-81)/18. Determine y(l).
10
Let p(w) = -w + 7. Let k be 32/(-4)*(-3)/(-4). Calculate p(k).
13
Suppose 2*s = -5*g + s + 54, 0 = 2*g - 2*s - 24. Let f = g - 4. Suppose -f = 5*i + 18. Let b(w) = w**2 + 5*w - 2. What is b(i)?
-2
Suppose 4*m + 18 = -2*a, 5*a - 11 = 5*m - m. Let g(h) = h**2 + 6*h + 4. Let r be g(m). Let l(i) = -1 + i + 2*i - 4*i. Calculate l(r).
3
Suppose k - 2*k + 2 = 0. Suppose -26 = -2*h + 5*f, -3*f - 8 = 4*h + k*f. Let v(q) = q**2 - q + 6 + 0 - 4 - 3. What is v(h)?
5
Suppose 4*o + 9*p = 4*p - 4, o + 1 = -2*p. Let f = 3 - o. Let l(v) = -v + 1. Determine l(f).
-3
Suppose -2*f = -8, 3*f - 2*f = -3*d + 19. Let y = 10 - d. Let g(m) = -m**3 + 6*m**2 - 3*m - 4. Calculate g(y).
6
Let u(t) = -3*t**3 + 5*t**2 + 7*t - 7. Let z(m) = -4*m**3 + 8*m**2 + 11*m - 11. Let g(c) = 8*u(c) - 5*z(c). Let d = -12 + 13. What is g(d)?
-4
Let d(x) = -3*x - 6. Let b(c) = c**2 + 17*c - 4. Let t be b(-17). Give d(t).
6
Suppose -16 + 12 = -2*i. Let g(y) be the first derivative of i + 0*y**2 + y - 5/3*y**3. Give g(1).
-4
Let i(a) be the first derivative of a**4/12 + a**2/2 - 1. Let x(g) be the second derivative of i(g). What is x(2)?
4
Let m(n) = -3*n**2 - n - 1. Let g(k) = k**3 + 6*k**2 - 9*k - 9. Let i be g(-7). Suppose x = -i + 4. Calculate m(x).
-3
Let g(b) = 3*b + 2. Let r(q) = q**3 + 9*q**2 + 8*q - 2. Let m be r(-8). What is g(m)?
-4
Let n(i) = -7*i + 4. Let v(o) = -8*o + 3. Let a(z) = -6*n(z) + 5*v(z). Give a(6).
3
Let v(x) = -x**3 - x**2 + 3*x - 3. Suppose -4 + 1 = u. Calculate v(u).
6
Let i(o) = 209*o**2 - 105*o**2 - 105*o**2 + 4. Calculate i(0).
4
Let y(z) = 11*z**2 + 2*z - 11. Let p(j) = 4*j**2 + j - 4. Let n(u) = 8*p(u) - 3*y(u). Determine n(3).
-2
Let n(u) = -1 - u + 0*u - 1 + u**2. Suppose -2*z - z + 5*b = 16, -4*z + 3*b - 36 = 0. Let d be 9*(z/(-9) - 1). Determine n(d).
4
Let n(u) = 23*u + 5. Let p(l) = -114*l - 24. Let m(o) = 24*n(o) + 5*p(o). Determine m(1).
-18
Let f(p) = -p**2 + 6*p - 3. Let i be f(4). Let x(t) = -3*t**2 - 3*t**2 + i*t**2. Let g be x(0). Let z(a) = a**2 + a + 7. What is z(g)?
7
Let l(n) = n**2 - 4*n + 3. Let j be l(4). Let x(v) = -j*v + 7*v - 5*v + 0*v. What is x(-5)?
5
Suppose 3*o + 8 = 5*v, 1 = -2*o - 1. Suppose -2*s + 5 = -4*g + 3*g, s - 5*g + 20 = 0. Let z(n) = -s*n + 3*n - 5*n**3 + 3 - 2. Determine z(v).
-6
Let v(m) = 3 + 2*m**2 - 2 - 3*m**2. Give v(3).
-8
Let z(m) = -m**3 - 11*m**2 + 11*m - 9. Let n(u) = -2*u - 46. Let o be n(-17). Give z(o).
3
Let c(o) = -o**2 - o + 3. Let j = 152 - 157. Give c(j).
-17
Let o(a) = -3*a - 30. Let v be o(-9). Let p(m) = 4*m**2 + m - 3*m**2 - 3 - 4*m. Determine p(v).
15
Suppose -4 = -4*g + 8. Let a(k) = 4*k**g - k + 10 - 10. Calculate a(-1).
-3
Let r(q) = 6*q - 1. Let i(v) = v + 1. Let a(m) = 3*m - 3. Let w(b) = -a(b) - 2*i(b). Let s be w(-1). Suppose -d + 2*p = 9, 2*d - p = 3*d - s. Determine r(d).
5
Let k(c) be the third derivative of -c**5/60 + c**4/12 + c**3/6 - 4*c**2. Let y = 4 + -2. Suppose -y*r = r - 6. Determine k(r).
1
Let u(n) = n**2 - 8*n + 3. Let f(m) = m**2 - 2*m - 1. Let x be f(-2). Give u(x).
-4
Let h be 9/(9/7) + -7. Let q(o) be the third derivative of o**6/720 + o**5/120 + o**4/24 - o**2. Let s(b) be the second derivative of q(b). Give s(h).
1
Let w(y) = 225*y**2 + 3 - 5*y - 224*y**2 - 4*y. What is w(8)?
-5
Let a(c) = -1 + c - 2*c + 5 - 1. Let o(s) = s**3 + 7*s**2 + 5*s - 6. Let r be o(-6). Determine a(r).
3
Let v(s) = -s**2 + 6*s - 3. Let k be v(5). Let p(o) = -2 + k*o - o**2 + 0 - 5*o. Let i = 4 + -6. Give p(i).
0
Let x(s) = -4*s - 6. Suppose -2*p + 2 = 3*d - 15, -3*d + 5*p + 10 = 0. Give x(d).
-26
Let c(q) = -q**2 + 8*q + 2. Let m be c(8). Let j(y) = -9*y**3 - 6*y**2 + 4*y**2 + 2*y**3 - 1 + m*y. Calculate j(1).
-8
Suppose t + 25 = 23. Let k(a) = -3*a - 1. Calculate k(t).
5
Let w(z) = 51 - 107 + 55 + z + 12*z**2. What is w(1)?
12
Suppose 0*k - 3*k = -3. Let r(y) = 3 + y**2 - 2*y**2 + k. What is r(3)?
-5
Let z be (-3)/((-6)/16 + 0). Suppose -5*l = -0*a - 2*a - 5, -1 = -l + a. Let r(p) = -1 + l - z*p. What is r(-1)?
8
Let d(m) be the second derivative of 2*m**3/3 + m**2 + 3*m. Determine d(-2).
-6
Let d(n) = -n**3 - n**2 + n + 12. Let a be 0 + 1 + 4/2. Suppose a*y = y. Calculate d(y).
12
Let k(b) = -b**3 - 5*b**2 + 4*b - 3. Let a(r) = -r**3 + 5*r**2 - 4*r - 6. Let o be a(4). What is k(o)?
9
Let g(d) be the third derivative of d**4/24 + d**2. Suppose -20 = 3*h - 3*j + 8*j, -5 = 5*j. Determine g(h).
-5
Let r = 14 - 9. Suppose -3*s = -5*l + 15, s = r*s + 20. Let z(q) = q + 4. Calculate z(l).
4
Let s(a) = 5*a**2 + 2*a - 3. Let m(v) = 11*v**2 + 3*v - 6. Let c(i) = -4*m(i) + 9*s(i). Determine c(-7).
4
Let r = 3 - -2. Let q(z) = 5*z**2 + 4. Suppose -2*p - 13 = a, 7*p + 5*a = 3*p - 35. Let d(h) = 6*h**2 + h + 4. Let j(t) = p*q(t) + 4*d(t). Give j(r).
-9
Let c(b) = 5*b**2 + 3*b - 4. Let m(s) = -5*s**2 - 4*s + 5. Let y(q) = -4*c(q) - 3*m(q). Suppose 3*i - 10 = -0*d + 2*d, -3*i = -d - 11. Give y(d).
-4
Let k(v) = v**3 - 3*v**2 - 7*v - 1. Let w = 2 + 3. Let u = w + 0. Determine k(u).
14
Let o(x) = 3*x + 1 - 2*x - 5*x + 5*x. What is o(4)?
5
Let v(m) = 7*m**2 + 6*m**2 - 15*m**2 - 6 + 3*m**2 + 3*m. Give v(-5).
4
Let m(l) = 6*l**3 + l**2. Let g = 25 + -24. What is m(g)?
7
Let k be (-1 - 2)/((-30)/40). Let h(s) = s. Let b be h(k). Let x(r) = -2*r**2 - 3 - r + 2*r - 2*r**2 + r**3. Give x(b).
1
Let t = 8 + -11. Let x(h) be the first derivative of h**4/4 + h**3/3 - 2*h**2 - 4. Determine x(t).
-6
Let t(y) = y**2 + 8*y - 5. Let w = 33 - 41. Calculate t(w).
-5
Let c(j) be the third derivative of -j**2 + 1/6*j**3 - 1/60*j**5 + 0*j + 0 + 1/24*j**4. Determine c(-1).
-1
Let m(i) = i - 5. Let y(t) = -t + 11. Let j be y(11). Suppose -k - k + 12 = j. Calculate m(k).
1
Let y be 0 + -5*(-2)/5. Suppose 3*b - w = 22 - 2, -y*b - 5*w + 2 = 0. Let a(s) = s**2 - 8*s + 7. Determine a(b).
-5
Let l(v) = -11*v - 7. Let z(w) = -5*w - 3. Let g(b) = -6*l(b) + 13*z(b). Suppose s = 1, 4*s + 9 + 3 = -4*m. Calculate g(m).
-1
Suppose -4*m = -7*m + 15. Let g(t) = -t**2 + 4*t + 6. Determine g(m).
1
Suppose 12 = 4*k - 5*i, 2*i - 12 = -5*k + k. Suppose 5*b - 5*t = 25, -4*b + 0*t + 17 = -k*t. Let n(h) = 9 - 2*h + 5*h - b*h - 2. Give n(0).
7
Let u(s) = 4*s. Let r be u(-1). Let d(w) = w**2 + 6*w + 1. Give d(r).
-7
Let o(t) = t**3 - 2*t**2 + 4*t + 1. Let r(n) = -n**3 + 2*n**2 - 4*n. Let w(p) = -2*o(p) - 3*r(p). Calculate w(2).
6
Let g(a) = -a**3 + 2*a**2 + 3. Let t be g(2). Suppose -3*w = -5*j - 24, 0 = -t*w - w + 3*j + 21. Let z(u) = u**3 - 4*u**2 + 5*u - 3. What is z(w)?
3
Let v(i) = -2*i - 9. Let d(l) = -l - 4. Let s(p) = -5*d(p) + 3*v(p). Let u = -15 - -9. What is s(u)?
-1
Let h(o) be the first derivative of -11*o**2/2 + 3*o + 1. Determine h(2).
-19
Let k(p) = -5*p**2 + 5*p + 2. Let l(y) = 8*y - 3. Let r(c) = 2*c**2 - 7*c + 2 - c**2 + 0. Let h(a) = -3*l(a) - 4*r(a). Let g(q) = -4*h(q) + 3*k(q). Give g(3).
8
Let n(c) be the second derivative of -c**3/2 - 3*c**2/2 - 6*c. Let z(b) = -7*b - 7. Let a(h) = -9*n(h) + 4*z(h). Give a(-5).
4
Let y(o) = 4*o - 6. Let k(r) = 7*r - 10. Let c(g) = 3*k(g) - 5*y(g). Give c(5).
5
Let a(n) = -n**3 - 4*n**2 - 1. Let v(t) = t - 4. Let f(l) = -2. Let h(z) = 11*f(z) - 6*v(z). Let b be h(1). Determine a(b).
-1
Let z(m) be the second derivative of -1/6*m**3 - 8*m + 5/2*m**2 + 0. Calculate z(-5).
10
Let m(t) = -t**2 - 5*t - 5. Let c(a) = -a**3 + 5*a**2 + 7*a 